{"id":654,"date":"2019-06-11T17:25:00","date_gmt":"2019-06-11T20:25:00","guid":{"rendered":"https:\/\/www.jcbaglietto.com.ar\/?page_id=654"},"modified":"2020-07-20T15:56:50","modified_gmt":"2020-07-20T18:56:50","slug":"no-olvides","status":"publish","type":"page","link":"https:\/\/www.jcbaglietto.com.ar\/?page_id=654","title":{"rendered":"No olvides"},"content":{"rendered":"[et_pb_section fb_built=\u00bb1&#8243; admin_label=\u00bbsection\u00bb _builder_version=\u00bb3.19.9&#8243; background_image=\u00bbhttps:\/\/www.jcbaglietto.com.ar\/wp-content\/uploads\/2019\/06\/juan05.jpg\u00bb custom_padding=\u00bb54px|0px|364px|0px|false|false\u00bb][et_pb_row admin_label=\u00bbrow\u00bb _builder_version=\u00bb3.0.48&#8243; background_size=\u00bbinitial\u00bb background_position=\u00bbtop_left\u00bb background_repeat=\u00bbrepeat\u00bb][et_pb_column type=\u00bb4_4&#8243; _builder_version=\u00bb3.0.47&#8243; parallax=\u00bboff\u00bb parallax_method=\u00bbon\u00bb][et_pb_text admin_label=\u00bbText\u00bb _builder_version=\u00bb3.0.74&#8243; background_size=\u00bbinitial\u00bb background_position=\u00bbtop_left\u00bb background_repeat=\u00bbrepeat\u00bb]<p><\/p>\n<figure class=\"wp-block-embed-spotify wp-block-embed is-type-rich is-provider-spotify wp-embed-aspect-9-16 wp-has-aspect-ratio\">\n<div class=\"wp-block-embed__wrapper\"><\/div>\n<\/figure>\n<p><\/p>[\/et_pb_text][\/et_pb_column][\/et_pb_row][\/et_pb_section][et_pb_section fb_built=\u00bb1&#8243; _builder_version=\u00bb3.19.9&#8243; background_color=\u00bb#022323&#8243; background_image=\u00bbhttps:\/\/www.jcbaglietto.com.ar\/wp-content\/uploads\/2019\/06\/Baglietto-Vitale3.jpg\u00bb background_blend=\u00bbmultiply\u00bb custom_padding=\u00bb29px|0px|41px|0px|false|false\u00bb][et_pb_row make_fullwidth=\u00bbon\u00bb use_custom_gutter=\u00bbon\u00bb gutter_width=\u00bb1&#8243; custom_padding=\u00bb14px|0px|14px|0px|false|false\u00bb padding_left_1=\u00bb0px\u00bb module_class_1=\u00bbdoscolumnas\u00bb module_class_2=\u00bbdoscolumnas\u00bb _builder_version=\u00bb3.19.9&#8243;][et_pb_column type=\u00bb1_2&#8243; _builder_version=\u00bb3.19.9&#8243; padding_left=\u00bb0px\u00bb parallax=\u00bboff\u00bb parallax_method=\u00bbon\u00bb module_class=\u00bbdoscolumnas\u00bb][et_pb_image _builder_version=\u00bb3.19.9&#8243;][\/et_pb_image][et_pb_image src=\u00bbhttps:\/\/www.jcbaglietto.com.ar\/wp-content\/uploads\/2019\/05\/2000noolvides.jpg\u00bb align=\u00bbcenter\u00bb always_center_on_mobile=\u00bboff\u00bb _builder_version=\u00bb3.19.9&#8243; custom_padding=\u00bb|||0px\u00bb][\/et_pb_image][\/et_pb_column][et_pb_column type=\u00bb1_2&#8243; _builder_version=\u00bb3.19.9&#8243; parallax=\u00bboff\u00bb parallax_method=\u00bbon\u00bb module_class=\u00bbdoscolumnas\u00bb][et_pb_social_media_follow _builder_version=\u00bb3.19.9&#8243; text_orientation=\u00bbcenter\u00bb custom_margin=\u00bb27px||\u00bb][et_pb_social_media_follow_network social_network=\u00bbfacebook\u00bb url=\u00bbhttps:\/\/www.facebook.com\/Baglietto-Vitale-1616696605244131\/\u00bb _builder_version=\u00bb3.19.9&#8243; background_color=\u00bb#3b5998&#8243; follow_button=\u00bboff\u00bb url_new_window=\u00bbon\u00bb]facebook[\/et_pb_social_media_follow_network][et_pb_social_media_follow_network social_network=\u00bbyoutube\u00bb url=\u00bbhttps:\/\/www.youtube.com\/channel\/UC2j5kIBNgjEKknhSIOHCBiA\u00bb _builder_version=\u00bb3.19.9&#8243; background_color=\u00bb#a82400&#8243; follow_button=\u00bboff\u00bb url_new_window=\u00bbon\u00bb]youtube[\/et_pb_social_media_follow_network][et_pb_social_media_follow_network social_network=\u00bbinstagram\u00bb url=\u00bbhttps:\/\/www.instagram.com\/bagliettojuanc\u00bb _builder_version=\u00bb3.19.9&#8243; background_color=\u00bb#ea2c59&#8243; follow_button=\u00bboff\u00bb url_new_window=\u00bbon\u00bb]instagram[\/et_pb_social_media_follow_network][\/et_pb_social_media_follow][et_pb_button button_url=\u00bbhttps:\/\/open.spotify.com\/artist\/1Mt6JeVWV9Tvgk8ercp5O9&#8243; url_new_window=\u00bbon\u00bb button_text=\u00bbSpotify\u00bb button_alignment=\u00bbcenter\u00bb _builder_version=\u00bb3.19.9&#8243; custom_button=\u00bbon\u00bb button_text_color=\u00bb#7cda24&#8243; button_border_width=\u00bb1px\u00bb button_font=\u00bb||||||||\u00bb button_icon=\u00bb%%358%%\u00bb button_on_hover=\u00bboff\u00bb custom_margin=\u00bb15px||\u00bb][\/et_pb_button][et_pb_divider divider_style=\u00bbdotted\u00bb divider_position=\u00bbbottom\u00bb divider_weight=\u00bb1px\u00bb _builder_version=\u00bb3.19.9&#8243; max_width=\u00bb36%\u00bb module_alignment=\u00bbcenter\u00bb link_option_url=\u00bbhttps:\/\/open.spotify.com\/album\/3iZRiMNZ3dFBpFGVSZjFo1&#8243; link_option_url_new_window=\u00bbon\u00bb][\/et_pb_divider][et_pb_text _builder_version=\u00bb3.19.9&#8243; text_font=\u00bb||||||||\u00bb text_font_size=\u00bb19px\u00bb text_font_size_tablet=\u00bb19px\u00bb text_font_size_phone=\u00bb18px\u00bb text_font_size_last_edited=\u00bbon|phone\u00bb text_line_height=\u00bb2.1em\u00bb header_font=\u00bb||||||||\u00bb text_orientation=\u00bbcenter\u00bb custom_margin=\u00bb15px||\u00bb custom_padding_phone=\u00bb|||0px\u00bb custom_padding_last_edited=\u00bbon|phone\u00bb header_4_font=\u00bb||||||||\u00bb header_4_line_height=\u00bb1.6em\u00bb]<h2><span style=\"color: #ffffff;\"><strong><span><br \/> <span id=\"u12875-3\">No olvides&#8230;<br \/> <\/span><\/span><\/strong><\/span><\/h2>\n<h2><span style=\"color: #ffffff; font-size: large;\"><strong><span id=\"u12801\"><span id=\"u12875-7\">Baglietto &#8211; Vitale<span id=\"u13015-9\">\u00a0| <\/span>2000<\/span><\/span><\/strong><\/span><\/h2>\n<h2><span style=\"color: #ffffff;\"><strong><span id=\"u12801\">\u00a0<\/span><\/strong><\/span><\/h2>\n<p><span style=\"color: #ffffff; font-size: large;\"><span id=\"u12843-7\">01. Los mareados<\/span><span id=\"u12843-8\">\u00a0| (Cobi\u00e1n &#8211; Cad\u00edcamo)<br \/> <\/span><span id=\"u12843-10\">02. Dios y el diablo en el taller<\/span>\u00a0| (Adri\u00e1n Abonizio)<br \/> <span id=\"u12843-13\">03. Mienten<\/span>\u00a0| (Roque Narvaja)<br \/> <span id=\"u12843-16\">04. El choclo<\/span>\u00a0| (Villoldo &#8211; Disc\u00e9polo &#8211; Marambio &#8211; C\u00e1tan)<br \/> <span id=\"u12843-19\">05. Primera improvisaci\u00f3n<\/span>\u00a0| (Lito Vitale)<br \/> <span id=\"u12843-22\">06. En este barrio<\/span>\u00a0| (Mezo Bigarrena)<br \/> <span id=\"u12843-25\">07. D.L.G.<\/span>\u00a0| (Fito P\u00e1ez)<br \/> <span id=\"u12843-28\">08. Ese amigo del alma<\/span>\u00a0| (Lito Vitale)<br \/> <span id=\"u12843-31\">09. Pasional\u00a0<\/span>| (Caldera &#8211; Soto)<br \/> <span id=\"u12843-34\">10. Historia de Mate Cosido<\/span>\u00a0| (Adri\u00e1n Abonizio)<br \/> <span id=\"u12843-37\">11. Tonada de un viejo amor\u00a0<\/span>| (Fal\u00fa &#8211; D\u00e1valos)<br \/> <span id=\"u12843-40\">12. No olvides que una vez tu fuiste sol<\/span>\u00a0| (A. Blanca)<br \/> <span id=\"u12843-43\">13. El t\u00e9mpano<\/span>\u00a0| (Adri\u00e1n Abonizio)<br \/> <span id=\"u12843-46\">14. Nostalgias<\/span>\u00a0| (Cobi\u00e1n &#8211; Cad\u00edcamo)<br \/> <span id=\"u12843-49\">15. Las cosas tienen movimiento<\/span>\u00a0| (Fito P\u00e1ez)<\/span><\/p>[\/et_pb_text][\/et_pb_column][\/et_pb_row][\/et_pb_section][et_pb_section fb_built=\u00bb1&#8243; _builder_version=\u00bb3.19.9&#8243; custom_padding=\u00bb54px|0px|0|0px|false|false\u00bb][et_pb_row custom_padding=\u00bb27px|0px|73px|0px|false|false\u00bb _builder_version=\u00bb3.19.9&#8243;][et_pb_column type=\u00bb4_4&#8243; _builder_version=\u00bb3.19.9&#8243; parallax=\u00bboff\u00bb parallax_method=\u00bbon\u00bb][et_pb_text _builder_version=\u00bb3.19.9&#8243; text_font=\u00bb||||||||\u00bb text_font_size=\u00bb19px\u00bb text_font_size_phone=\u00bb19px\u00bb text_font_size_last_edited=\u00bbon|desktop\u00bb text_line_height=\u00bb1.8em\u00bb]<h2><strong>T\u00e9cnica<\/strong><\/h2>\n<p><strong>\u00a0<span>\u2022 <\/span>Juan Carlos Baglietto<\/strong>:<br \/><span style=\"font-size: 19px;\">(voz, guitarras, caj\u00f3n peruano y percusi\u00f3n)<\/span><\/p>\n<p id=\"u12835-9\"><strong>\u00a0<span style=\"font-size: 19px;\">\u2022 Lito Vitale<br \/><\/span><\/strong><span style=\"font-size: 19px;\">(piano, teclados y voz)<br \/><br \/><\/span><span style=\"font-size: 19px;\">Grabado en vivo en:<br \/><\/span><span style=\"font-size: 19px;\">Rosario, Pergamino, Resistencia, Venado Tuerto,<br \/><\/span><span style=\"font-size: 19px;\">Bah\u00eda Blanca y Trelew, durante los meses de septiembre y octubre de 2000<\/span><\/p>[\/et_pb_text][\/et_pb_column][\/et_pb_row][\/et_pb_section][et_pb_section fb_built=\u00bb1&#8243; admin_label=\u00bbsection\u00bb _builder_version=\u00bb3.19.9&#8243; background_image=\u00bbhttps:\/\/www.jcbaglietto.com.ar\/wp-content\/uploads\/2019\/06\/baglieto-vitale-4.jpg\u00bb parallax=\u00bbon\u00bb custom_padding=\u00bb54px|0px|364px|0px|false|false\u00bb][et_pb_row admin_label=\u00bbrow\u00bb _builder_version=\u00bb3.0.48&#8243; background_size=\u00bbinitial\u00bb background_position=\u00bbtop_left\u00bb background_repeat=\u00bbrepeat\u00bb][et_pb_column type=\u00bb4_4&#8243; _builder_version=\u00bb3.0.47&#8243; parallax=\u00bboff\u00bb parallax_method=\u00bbon\u00bb][et_pb_text admin_label=\u00bbText\u00bb _builder_version=\u00bb3.0.74&#8243; background_size=\u00bbinitial\u00bb background_position=\u00bbtop_left\u00bb background_repeat=\u00bbrepeat\u00bb]<p><\/p>\n<figure class=\"wp-block-embed-spotify wp-block-embed is-type-rich is-provider-spotify wp-embed-aspect-9-16 wp-has-aspect-ratio\">\n<div class=\"wp-block-embed__wrapper\"><\/div>\n<\/figure>\n<p><\/p>[\/et_pb_text][\/et_pb_column][\/et_pb_row][\/et_pb_section][et_pb_section fb_built=\u00bb1&#8243; _builder_version=\u00bb3.19.9&#8243; background_color=\u00bb#212121&#8243; custom_padding=\u00bb0|0px|0|0px|false|false\u00bb global_module=\u00bb1403&#8243;][et_pb_row make_fullwidth=\u00bbon\u00bb use_custom_gutter=\u00bbon\u00bb gutter_width=\u00bb1&#8243; custom_padding=\u00bb27px|0|0|0px|false|false\u00bb _builder_version=\u00bb3.19.9&#8243;][et_pb_column type=\u00bb1_4&#8243; _builder_version=\u00bb3.19.9&#8243; parallax=\u00bboff\u00bb parallax_method=\u00bbon\u00bb][et_pb_image src=\u00bbhttps:\/\/www.jcbaglietto.com.ar\/wp-content\/uploads\/2019\/08\/Logo-Baglietto.png\u00bb align=\u00bbright\u00bb _builder_version=\u00bb3.19.9&#8243; max_width=\u00bb66%\u00bb module_alignment=\u00bbcenter\u00bb custom_margin_tablet=\u00bb24px||\u00bb custom_margin_last_edited=\u00bbon|phone\u00bb][\/et_pb_image][\/et_pb_column][et_pb_column type=\u00bb1_4&#8243; _builder_version=\u00bb3.19.9&#8243; parallax=\u00bboff\u00bb parallax_method=\u00bbon\u00bb][et_pb_text _builder_version=\u00bb3.19.9&#8243; custom_margin=\u00bb4px||\u00bb link_option_url_new_window=\u00bbon\u00bb]\n<ul class=\"sxc-follow-buttons\">\n<li class=\"sxc-follow-button\">\n                                    <a\n                                        href=\"https:\/\/www.facebook.com\/jcbaglietto\"\n                                        \n                                        title=\"Facebook\"\n                                        target=\"_blank\"\n                                    >\n                                        <img decoding=\"async\"\n                                            src=\"https:\/\/www.jcbaglietto.com.ar\/wp-content\/plugins\/social-media-buttons-toolbar\/inc\/img\/social-media-icons\/facebook.png\"\n                                            alt=\"Facebook\"\n                                        \/>\n                                    <\/a>\n                              <\/li>\n<li class=\"sxc-follow-button\">\n                                    <a\n                                        href=\"https:\/\/www.instagram.com\/bagliettojuanc\"\n                                        \n                                        title=\"Instagram\"\n                                        target=\"_blank\"\n                                    >\n                                        <img decoding=\"async\"\n                                            src=\"https:\/\/www.jcbaglietto.com.ar\/wp-content\/plugins\/social-media-buttons-toolbar\/inc\/img\/social-media-icons\/instagram.png\"\n                                            alt=\"Instagram\"\n                                        \/>\n                                    <\/a>\n                              <\/li>\n<li class=\"sxc-follow-button\">\n                                    <a\n                                        href=\"https:\/\/www.youtube.com\/channel\/UCxL9EvJJDVWC-zL0f9KZ__Q\"\n                                        \n                                        title=\"YouTube\"\n                                        target=\"_blank\"\n                                    >\n                                        <img decoding=\"async\"\n                                            src=\"https:\/\/www.jcbaglietto.com.ar\/wp-content\/plugins\/social-media-buttons-toolbar\/inc\/img\/social-media-icons\/youtube.png\"\n                                            alt=\"YouTube\"\n                                        \/>\n                                    <\/a>\n                              <\/li>\n<li class=\"sxc-follow-button\">\n                                    <a\n                                        href=\"https:\/\/open.spotify.com\/artist\/1Mt6JeVWV9Tvgk8ercp5O9\"\n                                        \n                                        title=\"Spotify\"\n                                        target=\"_blank\"\n                                    >\n                                        <img decoding=\"async\"\n                                            src=\"https:\/\/www.jcbaglietto.com.ar\/wp-content\/plugins\/social-media-buttons-toolbar\/inc\/img\/social-media-icons\/spotify.png\"\n                                            alt=\"Spotify\"\n                                        \/>\n                                    <\/a>\n                              <\/li>\n<\/ul>\n[\/et_pb_text][\/et_pb_column][et_pb_column type=\u00bb1_4&#8243; _builder_version=\u00bb3.19.9&#8243; parallax=\u00bboff\u00bb parallax_method=\u00bbon\u00bb][et_pb_text _builder_version=\u00bb3.19.9&#8243; custom_margin_tablet=\u00bb23px||\u00bb custom_margin_last_edited=\u00bbon|tablet\u00bb]<h4 style=\"text-align: center;\"><span style=\"font-size: small; color: #ffffff;\">Av. C\u00f3rdoba 6502 5\u00ba A<br \/>1427 \u2013 CABA<\/span><br \/><span style=\"font-size: small; color: #ffffff;\"> Buenos Aires \u2013 Argentina<\/span><br \/><span style=\"font-size: small; color: #ffffff;\"> +5411 4555.0672<br \/>+5411 4555.3384<\/span><\/h4>[\/et_pb_text][\/et_pb_column][et_pb_column type=\u00bb1_4&#8243; _builder_version=\u00bb3.19.9&#8243; parallax=\u00bboff\u00bb parallax_method=\u00bbon\u00bb][et_pb_image src=\u00bbhttps:\/\/www.jcbaglietto.com.ar\/wp-content\/uploads\/2019\/08\/logokangu2018blanco.png\u00bb url=\u00bbhttp:\/\/www.kangu.com.ar\u00bb url_new_window=\u00bbon\u00bb align=\u00bbcenter\u00bb _builder_version=\u00bb3.19.9&#8243; max_width=\u00bb26%\u00bb custom_margin=\u00bb-9px||\u00bb custom_margin_tablet=\u00bb9px||\u00bb custom_margin_last_edited=\u00bbon|tablet\u00bb][\/et_pb_image][\/et_pb_column][\/et_pb_row][\/et_pb_section]","protected":false},"excerpt":{"rendered":"<p>No olvides&#8230; Baglietto &#8211; Vitale\u00a0| 2000 \u00a0 01. Los mareados\u00a0| (Cobi\u00e1n &#8211; Cad\u00edcamo) 02. Dios y el diablo en el taller\u00a0| (Adri\u00e1n Abonizio) 03. Mienten\u00a0| (Roque Narvaja) 04. El choclo\u00a0| (Villoldo &#8211; Disc\u00e9polo &#8211; Marambio &#8211; C\u00e1tan) 05. Primera improvisaci\u00f3n\u00a0| (Lito Vitale) 06. En este barrio\u00a0| (Mezo Bigarrena) 07. D.L.G.\u00a0| (Fito P\u00e1ez) 08. Ese amigo [&hellip;]<\/p>\n","protected":false},"author":1,"featured_media":0,"parent":0,"menu_order":0,"comment_status":"closed","ping_status":"closed","template":"","meta":{"_et_pb_use_builder":"on","_et_pb_old_content":"","_et_gb_content_width":"","om_disable_all_campaigns":false,"_uf_show_specific_survey":0,"_uf_disable_surveys":false,"footnotes":""},"class_list":["post-654","page","type-page","status-publish","hentry"],"aioseo_notices":[],"_links":{"self":[{"href":"https:\/\/www.jcbaglietto.com.ar\/index.php?rest_route=\/wp\/v2\/pages\/654","targetHints":{"allow":["GET"]}}],"collection":[{"href":"https:\/\/www.jcbaglietto.com.ar\/index.php?rest_route=\/wp\/v2\/pages"}],"about":[{"href":"https:\/\/www.jcbaglietto.com.ar\/index.php?rest_route=\/wp\/v2\/types\/page"}],"author":[{"embeddable":true,"href":"https:\/\/www.jcbaglietto.com.ar\/index.php?rest_route=\/wp\/v2\/users\/1"}],"replies":[{"embeddable":true,"href":"https:\/\/www.jcbaglietto.com.ar\/index.php?rest_route=%2Fwp%2Fv2%2Fcomments&post=654"}],"version-history":[{"count":11,"href":"https:\/\/www.jcbaglietto.com.ar\/index.php?rest_route=\/wp\/v2\/pages\/654\/revisions"}],"predecessor-version":[{"id":1668,"href":"https:\/\/www.jcbaglietto.com.ar\/index.php?rest_route=\/wp\/v2\/pages\/654\/revisions\/1668"}],"wp:attachment":[{"href":"https:\/\/www.jcbaglietto.com.ar\/index.php?rest_route=%2Fwp%2Fv2%2Fmedia&parent=654"}],"curies":[{"name":"wp","href":"https:\/\/api.w.org\/{rel}","templated":true}]}}